{"id":1013,"date":"2019-09-19T15:50:06","date_gmt":"2019-09-19T14:50:06","guid":{"rendered":"https:\/\/www.campingwarandebvba.be\/?page_id=1013\/"},"modified":"2026-04-22T15:18:25","modified_gmt":"2026-04-22T13:18:25","slug":"bredenefr","status":"publish","type":"page","link":"https:\/\/campingwarandebvba.be\/fr\/bredenefr\/","title":{"rendered":"Bredene"},"content":{"rendered":"<p>Bredene est une tr\u00e8s belle commune de la c\u00f4te belge. Depuis le d\u00e9but, la municipalit\u00e9 est r\u00e9put\u00e9e pour ses campings et sa ceinture de dunes pr\u00e9serv\u00e9e. Nous pourrions aller plus loin de cette fa\u00e7on. Vous pouvez trouver un guide complet de \u00ab\u00a0notre\u00a0\u00bb perle via le lien ci-dessous. Ceci est un lien vers le site web Bredene.org qui offre des informations tr\u00e8s compl\u00e8tes sur les \u00e9v\u00e9nements, etc.<\/p>\n<p><a href=\"https:\/\/www.bredene.be\/fr\/que-faire\" target=\"_blank\" rel=\"noopener\">Que faire \u00e0 Bredene<\/a><\/p>\n<p><a href=\"https:\/\/bredene.org\/nl\/bredene.php\" target=\"_blank\" rel=\"noopener noreferrer\">Guide Bredene<\/a><\/p>\n<p><a href=\"https:\/\/bredene.org\/nl\/evenementen.php\" target=\"_blank\" rel=\"noopener noreferrer\"> \u00c9v\u00e9nements \u00e0 Bredene<\/a><\/p>\n<p>Nous ne sommes pas responsables des informations ou autre contenu (du site web Bredene.org), ni du site web Bredene.org lui-m\u00eame.<\/p>\n","protected":false},"excerpt":{"rendered":"<p>Bredene est une tr\u00e8s belle commune de la c\u00f4te belge. Depuis le d\u00e9but, la municipalit\u00e9 est r\u00e9put\u00e9e pour ses campings<a class=\"readmore\" href=\"https:\/\/campingwarandebvba.be\/fr\/bredenefr\/\">En savoir plus &raquo;<\/a><\/p>\n","protected":false},"author":2,"featured_media":1647,"parent":0,"menu_order":0,"comment_status":"closed","ping_status":"closed","template":"","meta":{"ngg_post_thumbnail":0,"footnotes":""},"class_list":["post-1013","page","type-page","status-publish","has-post-thumbnail","hentry"],"_links":{"self":[{"href":"https:\/\/campingwarandebvba.be\/fr\/wp-json\/wp\/v2\/pages\/1013","targetHints":{"allow":["GET"]}}],"collection":[{"href":"https:\/\/campingwarandebvba.be\/fr\/wp-json\/wp\/v2\/pages"}],"about":[{"href":"https:\/\/campingwarandebvba.be\/fr\/wp-json\/wp\/v2\/types\/page"}],"author":[{"embeddable":true,"href":"https:\/\/campingwarandebvba.be\/fr\/wp-json\/wp\/v2\/users\/2"}],"replies":[{"embeddable":true,"href":"https:\/\/campingwarandebvba.be\/fr\/wp-json\/wp\/v2\/comments?post=1013"}],"version-history":[{"count":5,"href":"https:\/\/campingwarandebvba.be\/fr\/wp-json\/wp\/v2\/pages\/1013\/revisions"}],"predecessor-version":[{"id":1650,"href":"https:\/\/campingwarandebvba.be\/fr\/wp-json\/wp\/v2\/pages\/1013\/revisions\/1650"}],"wp:featuredmedia":[{"embeddable":true,"href":"https:\/\/campingwarandebvba.be\/fr\/wp-json\/wp\/v2\/media\/1647"}],"wp:attachment":[{"href":"https:\/\/campingwarandebvba.be\/fr\/wp-json\/wp\/v2\/media?parent=1013"}],"curies":[{"name":"wp","href":"https:\/\/api.w.org\/{rel}","templated":true}]}}

<p>Bredene est une très belle commune de la côte belge. Depuis le début, la municipalité est réputée pour ses campings et sa ceinture de dunes préservée. Nous pourrions aller plus loin de cette façon. Vous pouvez trouver un guide complet de « notre » perle via le lien ci-dessous. Ceci est un lien vers le site web Bredene.org qui offre des informations très complètes sur les événements, etc.</p>
<p><a href="https://www.bredene.be/fr/que-faire" target="_blank" rel="noopener">Que faire à Bredene</a></p>
<p><a href="https://bredene.org/nl/bredene.php" target="_blank" rel="noopener noreferrer">Guide Bredene</a></p>
<p><a href="https://bredene.org/nl/evenementen.php" target="_blank" rel="noopener noreferrer"> Événements à Bredene</a></p>
<p>Nous ne sommes pas responsables des informations ou autre contenu (du site web Bredene.org), ni du site web Bredene.org lui-même.</p>

<p>Bredene est une très belle commune de la côte belge. Depuis le début, la municipalité est réputée pour ses campings<a class="readmore" href="https://campingwarandebvba.be/fr/bredenefr/">En savoir plus &raquo;</a></p>
