{"id":343,"date":"2016-01-30T18:22:19","date_gmt":"2016-01-30T17:22:19","guid":{"rendered":"http:\/\/www.campingwarandebvba.be\/?page_id=343"},"modified":"2017-07-19T20:01:06","modified_gmt":"2017-07-19T19:01:06","slug":"les-zones-naturelles-et-les-musees","status":"publish","type":"page","link":"https:\/\/campingwarandebvba.be\/fr\/les-zones-naturelles-et-les-musees\/","title":{"rendered":"Les zones naturelles et les mus\u00e9es"},"content":{"rendered":"<table>\n<tbody>\n<tr>\n<td><a href=\"http:\/\/www.raversyde.be\/fr\" target=\"_blank\" rel=\"attachment wp-att-336 noopener noreferrer\"><img loading=\"lazy\" decoding=\"async\" class=\"aligncenter wp-image-336 size-medium\" src=\"https:\/\/campingwarandebvba.be\/wp-content\/uploads\/2016\/01\/beeld_startpagina_raversyde-300x153.jpg\" alt=\"beeld_startpagina_raversyde.jpg\" width=\"300\" height=\"153\" srcset=\"https:\/\/campingwarandebvba.be\/wp-content\/uploads\/2016\/01\/beeld_startpagina_raversyde-300x153.jpg 300w, https:\/\/campingwarandebvba.be\/wp-content\/uploads\/2016\/01\/beeld_startpagina_raversyde.jpg 500w\" sizes=\"auto, (max-width: 300px) 100vw, 300px\" \/><\/a><\/td>\n<td style=\"text-align: center;\"><a href=\"http:\/\/www.uitinbredene.be\/index.asp?pid=63&amp;lang=FR\" target=\"_blank\" rel=\"noopener noreferrer\">Espaces naturels et<br \/>\ndes lieux d&rsquo;int\u00e9r\u00eats \u00e0 Bredene<\/a><\/td>\n<\/tr>\n<tr>\n<td>\u00a0<a href=\"http:\/\/www.zwin.be\/fr\" target=\"_blank\" rel=\"attachment wp-att-339 noopener noreferrer\"><img loading=\"lazy\" decoding=\"async\" class=\"aligncenter wp-image-339 size-full\" src=\"https:\/\/campingwarandebvba.be\/wp-content\/uploads\/2016\/01\/logo-zwin.png\" alt=\"logo-zwin\" width=\"111\" height=\"59\" \/><\/a><\/td>\n<td style=\"text-align: center;\"><span style=\"color: #999999;\">\u00a0<span style=\"color: #000000;\"><a href=\"http:\/\/fort-napoleon.be\/fr\">Fort Napoleon Ostende<\/a><\/span><\/span><\/td>\n<\/tr>\n<\/tbody>\n<\/table>\n","protected":false},"excerpt":{"rendered":"<p>Espaces naturels et des lieux d&rsquo;int\u00e9r\u00eats \u00e0 Bredene \u00a0 \u00a0Fort Napoleon Ostende<\/p>\n","protected":false},"author":2,"featured_media":784,"parent":0,"menu_order":0,"comment_status":"closed","ping_status":"closed","template":"","meta":{"ngg_post_thumbnail":0,"footnotes":""},"class_list":["post-343","page","type-page","status-publish","has-post-thumbnail","hentry"],"_links":{"self":[{"href":"https:\/\/campingwarandebvba.be\/fr\/wp-json\/wp\/v2\/pages\/343","targetHints":{"allow":["GET"]}}],"collection":[{"href":"https:\/\/campingwarandebvba.be\/fr\/wp-json\/wp\/v2\/pages"}],"about":[{"href":"https:\/\/campingwarandebvba.be\/fr\/wp-json\/wp\/v2\/types\/page"}],"author":[{"embeddable":true,"href":"https:\/\/campingwarandebvba.be\/fr\/wp-json\/wp\/v2\/users\/2"}],"replies":[{"embeddable":true,"href":"https:\/\/campingwarandebvba.be\/fr\/wp-json\/wp\/v2\/comments?post=343"}],"version-history":[{"count":11,"href":"https:\/\/campingwarandebvba.be\/fr\/wp-json\/wp\/v2\/pages\/343\/revisions"}],"predecessor-version":[{"id":791,"href":"https:\/\/campingwarandebvba.be\/fr\/wp-json\/wp\/v2\/pages\/343\/revisions\/791"}],"wp:featuredmedia":[{"embeddable":true,"href":"https:\/\/campingwarandebvba.be\/fr\/wp-json\/wp\/v2\/media\/784"}],"wp:attachment":[{"href":"https:\/\/campingwarandebvba.be\/fr\/wp-json\/wp\/v2\/media?parent=343"}],"curies":[{"name":"wp","href":"https:\/\/api.w.org\/{rel}","templated":true}]}}

Les zones naturelles et les musées

<table>
<tbody>
<tr>
<td><a href="http://www.raversyde.be/fr" target="_blank" rel="attachment wp-att-336 noopener noreferrer"><img loading="lazy" decoding="async" class="aligncenter wp-image-336 size-medium" src="https://campingwarandebvba.be/wp-content/uploads/2016/01/beeld_startpagina_raversyde-300x153.jpg" alt="beeld_startpagina_raversyde.jpg" width="300" height="153" srcset="https://campingwarandebvba.be/wp-content/uploads/2016/01/beeld_startpagina_raversyde-300x153.jpg 300w, https://campingwarandebvba.be/wp-content/uploads/2016/01/beeld_startpagina_raversyde.jpg 500w" sizes="auto, (max-width: 300px) 100vw, 300px" /></a></td>
<td style="text-align: center;"><a href="http://www.uitinbredene.be/index.asp?pid=63&amp;lang=FR" target="_blank" rel="noopener noreferrer">Espaces naturels et<br />
des lieux d&rsquo;intérêts à Bredene</a></td>
</tr>
<tr>
<td> <a href="http://www.zwin.be/fr" target="_blank" rel="attachment wp-att-339 noopener noreferrer"><img loading="lazy" decoding="async" class="aligncenter wp-image-339 size-full" src="https://campingwarandebvba.be/wp-content/uploads/2016/01/logo-zwin.png" alt="logo-zwin" width="111" height="59" /></a></td>
<td style="text-align: center;"><span style="color: #999999;"> <span style="color: #000000;"><a href="http://fort-napoleon.be/fr">Fort Napoleon Ostende</a></span></span></td>
</tr>
</tbody>
</table>

<p>Espaces naturels et des lieux d&rsquo;intérêts à Bredene    Fort Napoleon Ostende</p>
