{"id":97,"date":"2014-11-18T16:44:00","date_gmt":"2014-11-18T15:44:00","guid":{"rendered":"http:\/\/www.campingwarandebvba.be\/?page_id=97"},"modified":"2024-03-31T16:12:23","modified_gmt":"2024-03-31T14:12:23","slug":"camping-fr","status":"publish","type":"page","link":"https:\/\/campingwarandebvba.be\/fr\/camping-fr\/","title":{"rendered":"Camping"},"content":{"rendered":"<p>Nous vous y proposons des emplacements touristiques (par journ\u00e9e, au mois ou par saison) ainsi que des emplacements fixes pour tentes et caravanes. Une partie du terrain est r\u00e9serv\u00e9e aux caravanes r\u00e9sidentielles. Chaque emplacement est raccord\u00e9 \u00e0 l\u2019\u00e9lectricit\u00e9, \u00e0 l\u2019eau, \u00e0 la TV c\u00e2bl\u00e9e et aux \u00e9gouts.<\/p>\n<p><a href=\"http:\/\/www.campingwarandebvba.be\/fr\/camping-fr\/evenements\/\">Evenements<\/a><\/p>\n<p><iframe loading=\"lazy\" src=\"\/\/www.youtube.com\/embed\/uSsvIbTAELY\" width=\"560\" height=\"314\" allowfullscreen=\"allowfullscreen\"><\/iframe><\/p>\n","protected":false},"excerpt":{"rendered":"<p>Nous vous y proposons des emplacements touristiques ainsi que des emplacements fixes pour tentes et caravanes.<\/p>\n","protected":false},"author":2,"featured_media":1592,"parent":0,"menu_order":2,"comment_status":"closed","ping_status":"closed","template":"","meta":{"ngg_post_thumbnail":0,"footnotes":""},"class_list":["post-97","page","type-page","status-publish","has-post-thumbnail","hentry"],"_links":{"self":[{"href":"https:\/\/campingwarandebvba.be\/fr\/wp-json\/wp\/v2\/pages\/97","targetHints":{"allow":["GET"]}}],"collection":[{"href":"https:\/\/campingwarandebvba.be\/fr\/wp-json\/wp\/v2\/pages"}],"about":[{"href":"https:\/\/campingwarandebvba.be\/fr\/wp-json\/wp\/v2\/types\/page"}],"author":[{"embeddable":true,"href":"https:\/\/campingwarandebvba.be\/fr\/wp-json\/wp\/v2\/users\/2"}],"replies":[{"embeddable":true,"href":"https:\/\/campingwarandebvba.be\/fr\/wp-json\/wp\/v2\/comments?post=97"}],"version-history":[{"count":6,"href":"https:\/\/campingwarandebvba.be\/fr\/wp-json\/wp\/v2\/pages\/97\/revisions"}],"predecessor-version":[{"id":1593,"href":"https:\/\/campingwarandebvba.be\/fr\/wp-json\/wp\/v2\/pages\/97\/revisions\/1593"}],"wp:featuredmedia":[{"embeddable":true,"href":"https:\/\/campingwarandebvba.be\/fr\/wp-json\/wp\/v2\/media\/1592"}],"wp:attachment":[{"href":"https:\/\/campingwarandebvba.be\/fr\/wp-json\/wp\/v2\/media?parent=97"}],"curies":[{"name":"wp","href":"https:\/\/api.w.org\/{rel}","templated":true}]}}

<p>Nous vous y proposons des emplacements touristiques (par journée, au mois ou par saison) ainsi que des emplacements fixes pour tentes et caravanes. Une partie du terrain est réservée aux caravanes résidentielles. Chaque emplacement est raccordé à l’électricité, à l’eau, à la TV câblée et aux égouts.</p>
<p><a href="http://www.campingwarandebvba.be/fr/camping-fr/evenements/">Evenements</a></p>
<p><iframe loading="lazy" src="//www.youtube.com/embed/uSsvIbTAELY" width="560" height="314" allowfullscreen="allowfullscreen"></iframe></p>
